its digit of 134145075?
5
What is the hundred thousands digit of 30671482?
6
What is the thousands digit of 804115574?
5
What is the tens digit of 5981321777?
7
What is the hundred millions digit of 433768132?
4
What is the hundred thousands digit of 1810890504?
8
What is the hundreds digit of 19684610?
6
What is the hundred thousands digit of 2654571697?
5
What is the millions digit of 101794438?
1
What is the thousands digit of 235883020?
3
What is the hundred millions digit of 329992555?
3
What is the hundred millions digit of 1614857951?
6
What is the ten millions digit of 51109381?
5
What is the units digit of 49667993?
3
What is the tens digit of 3355575202?
0
What is the tens digit of 1714825763?
6
What is the billions digit of 1296078552?
1
What is the thousands digit of 737366891?
6
What is the ten thousands digit of 165194934?
9
What is the tens digit of 104750587?
8
What is the millions digit of 2543389129?
3
What is the hundred millions digit of 554000273?
5
What is the millions digit of 53490337?
3
What is the hundred thousands digit of 4734301736?
3
What is the millions digit of 45643555?
5
What is the hundred millions digit of 2302951584?
3
What is the hundred thousands digit of 83712834?
7
What is the tens digit of 660203909?
0
What is the millions digit of 25455131?
5
What is the tens digit of 61945654?
5
What is the units digit of 16978069?
9
What is the units digit of 48942878?
8
What is the hundred millions digit of 519283927?
5
What is the ten thousands digit of 6907677847?
7
What is the hundred millions digit of 491057056?
4
What is the ten millions digit of 219592325?
1
What is the hundred thousands digit of 660825033?
8
What is the units digit of 158743257?
7
What is the hundred thousands digit of 96851936?
8
What is the ten thousands digit of 823873104?
7
What is the ten millions digit of 1858972607?
5
What is the ten millions digit of 3325768175?
2
What is the units digit of 80397518?
8
What is the hundreds digit of 736389665?
6
What is the tens digit of 301142076?
7
What is the hundred millions digit of 448796034?
4
What is the ten millions digit of 758899787?
5
What is the hundred thousands digit of 213833900?
8
What is the tens digit of 687720432?
3
What is the units digit of 5543827820?
0
What is the thousands digit of 56932676?
2
What is the hundreds digit of 272825250?
2
What is the hundreds digit of 17161951?
9
What is the hundred thousands digit of 40440672?
4
What is the thousands digit of 199096766?
6
What is the hundreds digit of 3444819887?
8
What is the hundred millions digit of 169223775?
1
What is the tens digit of 638110979?
7
What is the millions digit of 220632647?
0
What is the thousands digit of 7293732608?
2
What is the ten thousands digit of 16276824?
7
What is the hundred thousands digit of 1358796236?
7
What is the units digit of 280107805?
5
What is the tens digit of 18626014?
1
What is the hundred millions digit of 120812155?
1
What is the tens digit of 319591007?
0
What is the thousands digit of 118594355?
4
What is the ten thousands digit of 44130693?
3
What is the hundred millions digit of 483242451?
4
What is the tens digit of 4378606385?
8
What is the tens digit of 424695046?
4
What is the ten millions digit of 113072296?
1
What is the ten millions digit of 1056982611?
5
What is the units digit of 260856541?
1
What is the tens digit of 731656276?
7
What is the hundred thousands digit of 7544723505?
7
What is the hundreds digit of 25214749?
7
What is the hundreds digit of 6681961945?
9
What is the thousands digit of 365238899?
8
What is the units digit of 2119236748?
8
What is the hundreds digit of 3463645977?
9
What is the thousands digit of 108099923?
9
What is the hundred thousands digit of 201478519?
4
What is the ten thousands digit of 1417640027?
4
What is the ten thousands digit of 1259680192?
8
What is the ten millions digit of 33692620?
3
What is the hundreds digit of 3657137592?
5
What is the hundred millions digit of 712664262?
7
What is the ten thousands digit of 20345696?
4
What is the units digit of 76257983?
3
What is the hundred thousands digit of 211809904?
8
What is the hundreds digit of 4502448539?
5
What is the tens digit of 46981294?
9
What is the hundred millions digit of 194508087?
1
What is the hundreds digit of 30575824?
8
What is the hundred thousands digit of 5562570184?
5
What is the ten millions digit of 60142583?
6
What is the hundreds digit of 237819780?
7
What is the ten millions digit of 87014108?
8
What is the ten thousands digit of 2915822446?
2
What is the hundreds digit of 12697435?
4
What is the millions digit of 8152196?
8
What is the hundred thousands digit of 34039225?
0
What is the tens digit of 138469931?
3
What is the hundred thousands digit of 624680815?
6
What is the hundreds digit of 48628094?
0
What is the thousands digit of 29059234?
9
What is the units digit of 1058458159?
9
What is the hundred thousands digit of 3806650505?
6
What is the hundred millions digit of 398792975?
3
What is the thousands digit of 133607578?
7
What is the hundred thousands digit of 80972590?
9
What is the units digit of 697765598?
8
What is the millions digit of 4854383?
4
What is the ten thousands digit of 50131690?
3
What is the hundred thousands digit of 1298294368?
2
What is the millions digit of 335036130?
5
What is the thousands digit of 55315579?
5
What is the thousands digit of 4692786087?
6
What is the millions digit of 2289795?
2
What is the ten thousands digit of 40759525?
5
What is the millions digit of 604982173?
4
What is the tens digit of 5516909943?
4
What is the ten millions digit of 517479818?
1
What is the hundreds digit of 2592267491?
4
What is the millions digit of 1455032418?
5
What is the ten thousands digit of 58648366?
4
What is the thousands digit of 4845259297?
9
What is the hundreds digit of 156743663?
6
What is the units digit of 351892111?
1
What is the hundred millions digit of 213557858?
2
What is the ten thousands digit of 53348378?
4
What is the ten millions digit of 2338779104?
3
What is the billions digit of 2217025286?
2
What is the hundred thousands digit of 121301445?
3
What is the ten millions digit of 12026724?
1
What is the thousands digit of 615676729?
6
What is the hundred thousands digit of 68026407?
0
What is the thousands digit of 26909232?
9
What is the hundreds digit of 245350945?
9
What is the hundreds digit of 46751699?
6
What is the tens digit of 139540927?
2
What is the billions digit of 3752847691?
3
What is the hundred millions digit of 754566880?
7
What is the hundreds digit of 212752558?
5
What is the billions digit of 2070838644?
2
What is the hundred millions digit of 1334809791?
3
What is the units digit of 28708905?
5
What is the millions digit of 296207340?
6
What is the hundred thousands digit of 57673967?
6
What is the thousands digit of 1230315984?
5
What is the hundreds digit of 905259?
2
What is the thousands digit of 15755432?
5
What is the ten thousands digit of 799138707?
3
What is the hundred thousands digit of 624541501?
5
What is the hundreds digit of 358790850?
8
What is the ten thousands digit of 460442132?
4
What is the ten millions digit of 909553630?
0
What is the tens digit of 94692306?
0
What is the hundreds digit of 1885328?
3
What is the ten thousands digit of 311747830?
4
What is the hundred thousands digit of 4329157309?
1
What is the ten millions digit of 751914494?
5
What is the ten millions digit of 1187341246?
8
What is the millions digit of 582120199?
2
What is the thousands digit of 92449492?
9
What is the thousands digit of 55209904?
9
What is the tens digit of 26588725?
2
What is the hundreds digit of 1081767797?
7
What is the hundred thousands digit of 619069654?
0
What is the hundreds digit of 82087106?
1
What is the units digit of 454224701?
1
What is the ten millions digit of 2783830451?
8
What is the tens digit of 35164471?
7
What is the hundred thousands digit of 85938636?
9
What is the hundred thousands digit of 64698266?
6
What is the hundred thousands digit of 45029322?
0
What is the billions digit of 2010985779?
2
What is the hundred thousands digit of 196806822?
8
What is the thousands digit of 26365215?
5
What is the units digit of 75788132?
2
What is the 